 is divided by u.
2
Suppose 0*b - 3*b = -93. Suppose 0 = 2*q - b - 1. Suppose -5*s = -3*s + 3*l - 78, -4*s - 2*l + 172 = 0. Calculate the remainder when s is divided by q.
13
Let z(p) = p**2 - 3*p + 2. Let i be z(3). Let n(o) = -6*o - 3. Let d be n(i). Let g = d - -25. What is the remainder when g is divided by 6?
4
Suppose 0 = -1412*f + 1408*f + 132. Calculate the remainder when f is divided by 22.
11
Suppose 0 = -2*d + 3 - 1, -11 = -5*s + 4*d. Suppose -s = -4*n + 29. What is the remainder when 26 is divided by n?
2
Let n(g) = -2*g**3 + 21*g**2 + 19*g - 55. Calculate the remainder when 143 is divided by n(11).
11
Let w = -377 + 460. What is the remainder when w is divided by 48?
35
Suppose 9 = 3*j - 39. Suppose 0 = 3*g + g - j. Suppose -75 = -g*n + 1. Calculate the remainder when 55 is divided by n.
17
Suppose -2085 = -129*k + 114*k. What is the remainder when k is divided by 85?
54
Suppose -4*q + 442 = 13*q. Calculate the remainder when (-447)/(-6) + (-1)/(-2) is divided by q.
23
Let k = -287 - -310. Calculate the remainder when 480 is divided by k.
20
Let u(h) = -h**3 + 5*h**2 - 4. Suppose -5*y - 4 = -24. Let g(f) = -f**2 + 3*f + 1. What is the remainder when u(y) is divided by g(2)?
0
Suppose 3*l + 2*f - 94 = 0, -3 - 124 = -4*l - 3*f. Calculate the remainder when 102 is divided by l.
18
Suppose -20*j + 4746 = j. What is the remainder when j is divided by 16?
2
Suppose -5*s - y = -202, 48 = 6*s - 5*s + 4*y. Calculate the remainder when s is divided by 16.
8
Let o = 198 + -192. Calculate the remainder when 21 is divided by o.
3
Suppose 0 = -4*a + 99 + 101. Suppose r - 3*l = 137, 4*l - l - 757 = -5*r. What is the remainder when r is divided by a?
49
Let i(y) = 4*y + 69. What is the remainder when 186 is divided by i(-12)?
18
Suppose -2*y + 548 = 5*v, -v - 2*y = -4 - 104. Suppose -4*m + g + v = m, 4*m + 2*g = 102. Calculate the remainder when m is divided by 8.
7
Suppose -2*q + 437 = -3*k, -k - 6 = -3*k. Let p = q - 171. Calculate the remainder when p is divided by 11.
8
Suppose 4*i - 181 = -49. Calculate the remainder when 61 is divided by i.
28
Let l = 9 + 4. Let q(n) = 2*n**2 - 39*n + 193. What is the remainder when q(5) is divided by l?
9
Suppose 2*l - w = 55, -5*l + 110 = -2*l + 4*w. Let v be (56/2)/((-1)/1). What is the remainder when l is divided by 8/(-3 - v/8)?
14
Let j(t) = t**3 - 5*t**2 - 12*t - 8. Let y be j(7). Suppose -y*o + 19 = 1. What is the remainder when o is divided by (12/3 - 2) + -1?
0
Let j be 35/2 - 3/2. Let d = j - 3. What is the remainder when 24 is divided by d?
11
Let x be 146/10 + (-4)/(-10). Suppose -3*m + 18 + x = 0. Let h(t) = -3*t + 4. Calculate the remainder when h(-5) is divided by m.
8
Calculate the remainder when (-18)/(-48) + 2981/8 is divided by 25.
23
Suppose -m = t - 236, -2*t + 16*m = 13*m - 462. What is the remainder when t is divided by 49?
38
Let q be (-632)/20 + 4/(-10). Let t = 51 + q. What is the remainder when (147 - 1)*9/18 is divided by t?
16
Suppose 10*n - 98 - 2 = 0. Calculate the remainder when 32 is divided by n.
2
Suppose 172*t + 1196 = 185*t. Calculate the remainder when t is divided by 17.
7
Suppose 4*s + 5*q - 22 = 0, -3*q = 3*s - q - 13. Suppose 9 - 165 = -s*t. What is the remainder when t is divided by 5?
2
Suppose 5*f - a = 50, -2*f + 3*a = -f - 10. Let o = 2 - f. Let d(c) = 3*c**2 + 14*c + 17. What is the remainder when d(o) is divided by 33?
31
Suppose 0*t - 8 = -2*t. Let y(z) be the first derivative of 3*z**2 + 2*z - 1. Calculate the remainder when y(t) is divided by 14.
12
Let x(m) = -5*m + 5. Let d = 16 - 12. Let j(t) = 6*t - 4. Let l(q) = d*j(q) + 6*x(q). Calculate the remainder when l(-10) is divided by 15.
14
Suppose -7*m + 2*p + 45 = -2*m, -3*p = -m + 22. Suppose 0 = o - c - 2*c - 50, -25 = 5*c. Calculate the remainder when o is divided by 61/m + (-6)/(-21).
8
Suppose -20 = 5*s, -3*s + 57 + 1 = i. What is the remainder when i is divided by -4*((-27)/2)/3?
16
Suppose -1808 = -9*w + 217. Calculate the remainder when w is divided by 19.
16
Suppose 3*i = -2*x + 2*i + 311, -5*i = -4*x + 587. Suppose -5*q = -5*r - 255, -2*q - 5*r = -61 - 48. Calculate the remainder when x is divided by q.
49
Let c(m) = -2*m**3 - 3*m**2 + 19*m + 15. Calculate the remainder when c(-5) is divided by 20.
15
Let q(d) = -14*d - 31. What is the remainder when 172 is divided by q(-4)?
22
Suppose j - 2*t - 95 = -18, -2*j = t - 139. Suppose -j = -k + 2*m, -2*m + m + 302 = 4*k. What is the remainder when k is divided by 19?
18
Let q(o) = 2*o - 1. Let h be q(10). Let n = 23 - h. Suppose -x + 195 = n*x + p, -x = -5*p - 39. Calculate the remainder when x is divided by 10.
9
Let t be (-2)/(-8) - ((-10950)/8)/5. Suppose 2*c + 4*x = -0*x + t, x + 566 = 4*c. Calculate the remainder when c is divided by 11.
9
Let w(c) = -c + 26. Let g be w(17). Suppose 0 = -19*f + 18*f + g. Calculate the remainder when 35 is divided by f.
8
Let s(z) = 28*z. Calculate the remainder when (55/(-3))/(-6 - 420/(-72)) is divided by s(2).
54
Suppose 889 = -4*f + 41. Calculate the remainder when (-1)/(f/52 - -4) is divided by -1 - -5 - (0 + 1).
1
Let l(v) = 6*v + 17 + 45*v**2 - 25 - 13*v. What is the remainder when l(-2) is divided by 47?
45
What is the remainder when (-684)/(-380)*(-1 - 1726/(-6)) is divided by 20?
16
Let n(q) = 61*q - 275. Calculate the remainder when 449 is divided by n(6).
85
Let h(g) = g + 14. Let x(b) = -b**3 + 9*b**2 + 13*b - 24. Calculate the remainder when x(10) is divided by h(-10).
2
Let u = 116 - 50. Suppose 0 = 25*q - 334 - 241. Calculate the remainder when u is divided by q.
20
Suppose -g = -3*l - 8, -11*g + 5*l - 80 = -16*g. What is the remainder when 1341 is divided by g?
11
Let v be 10/(1 - 0)*(-1 + 3). Suppose v = 2*h + 5*a - 5, -3*h + 49 = -4*a. What is the remainder when h is divided by 6?
3
Let i be (39/(-6))/((-2)/52). Let q = i + -114. Suppose 5*w - 2*o = 79, 5*o + q = w + 2*w. Calculate the remainder when 56 is divided by w.
11
Let l(w) = 2*w + 39. Calculate the remainder when 112 is divided by l(-9).
7
Suppose 0 = -f - 3*f + 60. Let d(b) = b**2 - 14*b - 1. Calculate the remainder when 24 is divided by d(f).
10
Suppose 0 = -5*i - 4*i + 108. Calculate the remainder when ((-385)/(-14) - -4) + 1/2 is divided by i.
8
Let t(v) = -14*v + 270. Calculate the remainder when 107 is divided by t(18).
17
Suppose 0*h - 5*h = l - 162, 5*h = -3*l + 456. Suppose 117 + l = 6*n. Calculate the remainder when 128 is divided by n.
40
Let q(t) = -118*t**3 - 1. Let u be q(-1). Let f = -59 + u. What is the remainder when 115 is divided by f?
57
Let l(t) = -23*t + 244. What is the remainder when l(0) is divided by 33?
13
Suppose -14*r = 207 - 711. Calculate the remainder when r is divided by 23.
13
Suppose 5*t - 3*w - 5 = -0, -3*t + 5*w = -3. Suppose -5*o - 5*g = -10, 5*g - 10 = 10*g. Calculate the remainder when (-14)/(-1) - (-1)/t is divided by o.
3
Let c = -6 - -10. Suppose 5*u - 795 = -740. Calculate the remainder when u is divided by c.
3
Let s = -2453 - -2637. What is the remainder when s is divided by 49?
37
Suppose -13*t + 11*t + 118 = 0. What is the remainder when t is divided by 10?
9
Let t = 11 - 6. Suppose 10*h - t*h = 0, -45 = -5*n - 2*h. Calculate the remainder when 99/(-15)*10/(-2) is divided by n.
6
Let k = -98 - -173. Suppose 6*t - 187 + 31 = 0. Calculate the remainder when k is divided by t.
23
Let a(p) = -17*p**2 + 47*p + 1. What is the remainder when 78 is divided by a(2)?
24
Let r = -3 - 0. Let k = 122 + -119. Calculate the remainder when (r - -1) + k + 29 is divided by 17.
13
Suppose -4*n + 24 = 4*h, 2*h - 18 = -5*n - 0*h. Suppose -7*a = -n*a - 85. Let d(p) = -p**2 + 23*p - 78. What is the remainder when d(9) is divided by a?
14
Let u(i) = -i**2 - 12*i + 5. Let g(q) = -8*q - 9. What is the remainder when g(-11) is divided by u(-11)?
15
Let b(s) be the first derivative of s**3/3 + s**2 + 6*s + 11. Calculate the remainder when b(-3) is divided by 4.
1
Suppose 38*p - 20*p - 990 = 0. Calculate the remainder when p is divided by 15.
10
Let c(i) = -2*i - 1 + 3 + 6 - i**2 + 5*i**3 - 6*i**3. What is the remainder when c(0) is divided by 3?
2
Let y be (-10)/((-2)/4*-4). Let i(o) = o**2 + 2*o - 4. Let p = 20 + -14. Calculate the remainder when i(y) is divided by p.
5
Let h be 8/40 + 828/(-15). Let t = 180 +